10. What is the remainder when y(b) is divided by 37?
36
Calculate the remainder when ((-2)/3)/((-34)/6171) is divided by 62.
59
Suppose 5*h - 11 = -1. Suppose -l = -4*z - 38, -2*l - h*z = -0*l - 26. Calculate the remainder when ((-159)/12)/(1/(-4)) is divided by l.
17
Suppose -3*l + 277 = -3*h + 2*h, 3*l - 4*h - 271 = 0. Suppose l = -t + 4*t. Let k = t + -22. Calculate the remainder when 15 is divided by k.
6
Suppose -3*p = 4*f - 34, f - 3*p + 44 = 6*f. What is the remainder when 227 is divided by f?
7
Let q(v) be the third derivative of -v**4/24 - v**3/3 - 7*v**2 + 4*v. Let g = -1 - -5. What is the remainder when g is divided by q(-4)?
0
Let v be 1 - (-16)/(-4) - 3. Calculate the remainder when 45 is divided by 23 - (v/2)/3.
21
Let s = 478 + -300. What is the remainder when s is divided by 36?
34
Suppose -2*c - 28 = 4*x, -2*c - 2*x + 2 = -4*x. What is the remainder when 33/((c + 2)/(-2)) is divided by 18?
15
Let w be (-4)/3*27/(-3). Suppose -w*t = -9*t - 63. Calculate the remainder when 82 is divided by t.
19
Let t(m) = -m**2 + m - 27. Let q be t(0). Let c = -19 - q. Calculate the remainder when c is divided by (-2)/((-4)/18) - 276/69.
3
Suppose -24*k = -22*k - 72. Suppose 3*y + y - k = 0. Calculate the remainder when 40 is divided by 17 + (-1)/(3/y).
12
Suppose 7*y = 5*y + 48. Suppose h + z = 4*h - y, z - 24 = -3*h. Calculate the remainder when 36 is divided by h.
4
Let i be -4 - -2 - 252/(-6). Suppose 5*y = -5*g + i, 6*g - g = 3*y + 8. Suppose -2*u + 4 = -y. Calculate the remainder when 10 is divided by u.
2
Suppose 21 = 3*c - 3*b, -4*c = -5*b - 10 - 17. Suppose 3*r - 78 = 3*h - h, 0 = 5*r - h - 137. Calculate the remainder when r is divided by c.
4
Suppose -26*d = -30*d + 120. Calculate the remainder when 179 is divided by d.
29
Suppose 3*p = -5*z + 109, -7*z - 35 = -p - 8*z. Suppose 7*n = 2*n + 35. Calculate the remainder when p is divided by n.
5
Let m = 11 + -11. Suppose -4*g + 2*g + 118 = m. Calculate the remainder when g is divided by (-15)/(-1) + (-11 - -16).
19
Suppose 0*h - 387 = -5*h + 4*z, 2*h = -z + 147. Let t = -25 + h. Let d = 57 + -40. What is the remainder when t is divided by d?
16
Suppose 4*q - 54 = -5*q. Suppose -t + 8 = -q. What is the remainder when 39 is divided by t?
11
Let q = 41 + -14. What is the remainder when -20*(-4)/(-16) + 111 is divided by q?
25
What is the remainder when 118 is divided by (-3 + -1 - 6)*-3?
28
Suppose -7*o = -321 + 90. Suppose -3*f = -10 - 41. What is the remainder when o is divided by f?
16
Let r = -252 + 474. What is the remainder when r is divided by 45?
42
Let a(r) = 3*r**2 - 4*r + 4. Let k be a(2). Suppose 0*j - 2*j + 3*z = -k, 2*z = -8. What is the remainder when 34 is divided by ((-4)/(-12))/(j/(-54))?
7
Let x(q) be the first derivative of 15*q**2/2 - 31*q + 3. Calculate the remainder when 82 is divided by x(4).
24
Let w be (-2)/12 + 28/24. Let d = 3 - w. What is the remainder when d is divided by 2?
0
Let n(z) = z**3 + 9*z**2 + 18*z + 2. Suppose -6*y + 27 = 9. Calculate the remainder when n(-4) is divided by y.
1
Suppose 0 = -6*y - 397 + 817. Calculate the remainder when y is divided by 29.
12
What is the remainder when -10*24/30 - -57 is divided by 39?
10
Suppose -3*o + o = 5*g - 59, 2*o = -3*g + 37. Calculate the remainder when 16/16 + (97 - -1) + -1 is divided by g.
10
Suppose 3*h - 22 - 23 = 0. What is the remainder when 22/(-11)*(-19)/2 is divided by h?
4
Let w(d) = d**2 + 13*d - 13. Let u be w(-12). Let y = u - -58. What is the remainder when 130 is divided by y?
31
Let x = 29 + 12. Suppose -61*i + 24 = -57*i. Let c = 8 + i. What is the remainder when x is divided by c?
13
Let n = 41 - 57. Let r be 6/(-18) - n/3. Suppose v - 15 = -4*v, -5*v - 15 = -r*a. Calculate the remainder when 15 is divided by a.
3
Let w(o) = o**2 + 74*o + 578. Calculate the remainder when 54 is divided by w(-8).
4
Suppose 47 = -3*z + 167. Calculate the remainder when 33 is divided by (-7)/(3 + z/(-12)).
12
Let c(g) = -4*g + 3. Let x be c(0). Suppose 2*s = -x*s + 95. Calculate the remainder when s is divided by 7.
5
Let b(j) = j**2 + 3*j - 284. Suppose k = -2*k + 36. Calculate the remainder when b(16) is divided by k.
8
Let x(t) = -4*t**2 - 90*t - 40. What is the remainder when 356 is divided by x(-21)?
12
Suppose 0 = -8*b + 57 + 23. Calculate the remainder when b is divided by 2.
0
Suppose 4*h - 159 = x - 61, 2*x = 5*h - 124. What is the remainder when 695 is divided by h?
23
Let q = 2272 - 2238. Calculate the remainder when q is divided by 26.
8
Suppose 0*v + u - 22 = -4*v, -5*v = 3*u - 31. Let b = 1073 - 1049. Calculate the remainder when b is divided by v.
4
Suppose 5*m = -2*w + 875, 2*m = 3*m - w - 168. Calculate the remainder when m is divided by 73.
27
Let h(o) = -127*o + 1660. What is the remainder when h(13) is divided by 3 + 2 - 1*2?
0
Suppose 32 = 2*w + 6*w. What is the remainder when 13 is divided by ((w - 3) + 0)*5?
3
What is the remainder when (236/5)/(58/145) is divided by 61?
57
Suppose 0 = 14*c - 11*c - 36. Let o be c/15 + 36/5. Suppose 8*i + o = 9*i. Calculate the remainder when 21 is divided by i.
5
Suppose 0 = 5*j + 5*x - 355, 0 = -5*j + x + 134 + 203. Calculate the remainder when 194 is divided by (-85)/j + (-274)/(-8).
29
Let j(b) = b**2 + 5*b - 8. Let f be j(-7). Let n(y) = -9 + f + 4*y - 12 - 10. What is the remainder when 43 is divided by n(10)?
13
Let u(q) = -4*q. Let j be u(5). Let o(t) = -4*t + 25. Let b be o(18). Let z = j - b. What is the remainder when 51 is divided by z?
24
Let u = -8 + 11. Suppose r = -u*r - 24. What is the remainder when 2 + 18 - r/2 is divided by 13?
10
Suppose 0 = -2*s - 5 + 41. What is the remainder when (73/2)/(2/4) is divided by s/99 + (-273)/(-11)?
23
Let m = 2 + 3. Let t(p) = -p**2 - 1 + 4*p - m*p + 2*p**2 - 9. What is the remainder when t(8) is divided by 12?
10
Let g = -1811 + 487. Let i be g/(-36) - 2/(-9). What is the remainder when (i/2)/((-7)/(-14)) is divided by 10?
7
What is the remainder when 0/2 - 3/((-9)/726) is divided by 50?
42
Suppose l + 50 = 3*u, 3 = u + 2*l - 16. Let b = -12 + 12. Suppose -i + 32 = -b*i. Calculate the remainder when i is divided by u.
15
Let t(i) be the third derivative of -1/3*i**3 - 1/24*i**4 + 1/20*i**5 - 3*i**2 + 0*i + 0. Calculate the remainder when t(-4) is divided by 17.
16
Let o(p) = -6*p**2 - 3*p - 2. Let b be o(-2). Suppose d - 6 = -3*i - 27, d - 3*i - 3 = 0. Let z = d - b. Calculate the remainder when z is divided by 4.
3
Let a(i) = i**3 - i**2. Let g be a(0). Let q(b) = -b**2 - 578. Let n be q(g). Calculate the remainder when n/(-14) + 2/(-7) is divided by 21.
20
Let k(c) = 2*c - 3. Suppose 0 = -2*y - 5*j + 41, 3*y - 5*j + 3*j = 14. What is the remainder when k(y) is divided by 5?
3
Let d = 0 - -18. Let o = 99 + -97. Suppose o*p - d = p. What is the remainder when 53 is divided by p?
17
Let x be 24*((-42)/8)/(-7). Let q = 32 - x. What is the remainder when 6 is divided by (8/q)/(1/7)?
2
Suppose r - 19 = -4*s, 4*r + 0*s - 5*s = 181. Calculate the remainder when 80 is divided by r.
2
Let d(p) = 4*p - 1. Let q be d(9). Let h = q + -29. What is the remainder when h is divided by 2?
0
Let k = 10 + -8. Suppose y + 61 = k*y. Let g(l) = 15*l**3 + 2*l**2 - 1. Calculate the remainder when y is divided by g(1).
13
Let k(o) = -o**3 + 23*o**2 + 21*o + 78. Calculate the remainder when 51 is divided by k(24).
3
What is the remainder when 158 is divided by -4 + (20/4 - -19)?
18
Let i be (-124)/(((-4)/(-8))/(2/(-4))). Let a = -50 + i. Calculate the remainder when a is divided by 38.
36
Suppose 321 = 4*f - 3*p, 5*f + 234 = 2*p + 630. What is the remainder when 303 is divided by f?
69
Let v be (-2)/(-1) + (4 - (1 + -71)). Let s = v + -63. Suppose 4*g + 4*p = -0*g + 132, 3*p + 129 = 3*g. Calculate the remainder when g is divided by s.
12
Suppose 2*x = 5*z - 125, -2*x - 41 = -2*z - 3*x. Calculate the remainder when z is divided by (27/(-54))/(1/(-24)).
11
Let y = 7 + -5. Suppose 3*m - 35 = -17. Calculate the remainder when m is divided by y.
0
Let a be (-12)/36 + (-7)/(-3). Let o(j) = 2*j**3 - j**2 - j + 1. Calculate the remainder when 32 is divided by o(a).
10
Let d(l) = -5*l**2 + 10*l - 10. Let y(k) = 9*k**2 - 19*k + 19. Let x(w) = 5*d(w) + 3*y(w). What is the remainder when x(4) is divided by 6?
5
Let n(r) = 3*r**2 +